a**3 - 4*a**2 + 2323*a - 11645. Calculate k(5).
-5
Let f(b) = b**3 - 12*b**2 - 45*b + 162. What is f(14)?
-76
Let u(h) = 2*h**2 + 102*h + 995. What is u(-13)?
7
Let a(p) = -6*p - 13. Calculate a(-23).
125
Let i(s) = -145*s**3 - 3*s. Determine i(-1).
148
Let u(j) = 4*j**3 + 61*j**2 + 12*j + 3. Give u(-15).
48
Let c(b) = -b**3 + 3*b**2 - b - 16. Determine c(6).
-130
Let w(x) = -15*x**2 - 119*x + 30. What is w(-8)?
22
Let h(p) = p**2 - 17*p - 39. Calculate h(11).
-105
Let z(i) = 921*i + 927. Determine z(-1).
6
Let o(m) = -238*m - 64. Determine o(-2).
412
Let m(i) = 35*i - 103. Calculate m(3).
2
Let x(i) = -7*i**3 - 35*i**2 - 4*i + 10. Give x(-6).
286
Let d(c) = -5*c**2 + 49*c - 93. Determine d(9).
-57
Let h(f) = 10*f**2 + 1058*f + 848. What is h(-105)?
8
Let w(f) = -4*f**2 - 174*f - 1444. What is w(-11)?
-14
Let d(o) = 112*o + 8. Determine d(-1).
-104
Let b(h) = h**3 - 19*h**2 + 15*h + 323. Calculate b(17).
0
Let k(h) = 12*h**2 - 179*h - 1. Determine k(15).
14
Let j(b) = b**3 - 17*b**2 - 69*b - 309. Give j(21).
6
Let v(c) = -c**3 - 6*c**2 + 20*c + 2. What is v(-10)?
202
Let r(m) = 3*m**3 - 49*m**2 - 68*m + 510. What is r(17)?
-68
Let c(h) = h**3 + 37*h**2 + 104*h + 93. Determine c(-34).
25
Let r(k) = k**2 - 22*k - 305. What is r(32)?
15
Let g(m) = m**3 - 13*m**2 + 52*m - 29. Calculate g(9).
115
Let d(p) = -p**3 - 21*p**2 + 3*p + 47. Calculate d(-21).
-16
Let h(j) = j**3 + 7*j**2 + 10*j + 56. What is h(-7)?
-14
Let t(w) = -w**2 - 2*w + 1603. Give t(-41).
4
Let y(d) = 7*d**3 + 5*d**2 - 30*d - 73. Determine y(-2).
-49
Let t(a) = 464*a + 2792. Give t(-6).
8
Let v(d) = -d**2 + 103*d + 5351. Calculate v(141).
-7
Let f(b) = -b**2 - 39*b + 75. What is f(-39)?
75
Let a(u) = 29*u - 1077. Calculate a(39).
54
Let c(f) = -f**3 + 18*f**2 - 16*f - 2. Give c(13).
635
Let f(v) = -v**3 - 21*v**2 + 44*v + 1161. Calculate f(-19).
-397
Let n(j) = -2*j**3 - 33*j**2 - 148*j - 98. What is n(-8)?
-2
Let f(d) = -2*d**2 + 679*d - 679. What is f(1)?
-2
Let c(l) = -76*l**3 + 2*l**2 - l + 3. What is c(2)?
-599
Let m(t) = -5*t**2 - 61*t - 140. Calculate m(-9).
4
Let g(d) = 5*d**3 + 37*d**2 + 8*d + 3. What is g(-7)?
45
Let n(f) = f**2 - 7*f - 304. Give n(-14).
-10
Let i(d) = 5*d**3 - 11*d**2 + 13*d - 20. What is i(3)?
55
Let a(o) = -4*o**2 + 1828*o + 7356. Determine a(-4).
-20
Let w(z) = 401*z + 1998. What is w(-5)?
-7
Let t(f) = f**3 - 81*f**2 + 170*f - 947. What is t(79)?
1
Let r(n) = 172*n - 545. What is r(4)?
143
Let z(v) = 3*v**2 + 83*v + 367. Determine z(-6).
-23
Let j(u) = 5*u**2 + 46*u + 54. Determine j(-14).
390
Let z(u) = -u**3 + 11*u**2 + 204*u - 2206. Give z(12).
98
Let d(u) = -526*u + 3563. Give d(7).
-119
Let k(q) = 5*q - 175. Determine k(12).
-115
Let a(r) = 149*r + 452. What is a(-3)?
5
Let h(w) = 10*w - 114. What is h(10)?
-14
Let u(p) = -2*p**2 - 22*p + 200. Calculate u(6).
-4
Let f(r) = 3*r**2 + 55*r - 146. What is f(-22)?
96
Let s(x) = -2*x + 32. Give s(50).
-68
Let l(i) = 175*i - 3504. What is l(20)?
-4
Let w(m) = -4*m**2 - 197*m + 3050. Determine w(-62).
-112
Let s(g) = g**2 - 631*g + 4327. Determine s(7).
-41
Let w(q) = 12*q - 285. Calculate w(8).
-189
Let u(o) = o**3 + 69*o**2 - 272*o + 1452. Give u(-73).
-8
Let o(s) = -s**3 + 6*s**2 + 131*s - 260. Determine o(14).
6
Let p(t) = -3*t**2 - 42*t - 27. Calculate p(-16).
-123
Let b(j) = 317*j - 1206. Determine b(4).
62
Let i(d) = 4*d**2 + 37*d + 124. Give i(-5).
39
Let q(t) = 196*t**2 + 1177*t - 35. Calculate q(-6).
-41
Let a(p) = -3*p + 58. What is a(17)?
7
Let c(u) = 150*u - 5768. Calculate c(39).
82
Let s(q) = 3*q**2 + 55*q + 3. Calculate s(-16).
-109
Let p(l) = 17*l**2 - 121*l - 17. What is p(9)?
271
Let c(l) = 29*l**3 + 11*l**2 - 27*l + 1. Give c(1).
14
Let l(f) = 593*f + 13042. Determine l(-22).
-4
Let o(m) = 2*m**2 - 117*m + 57. Calculate o(58).
-1
Let a(k) = 9*k + 113. What is a(-14)?
-13
Let q(w) = w**3 + 73*w**2 + 225*w + 1064. Give q(-70).
14
Let d(o) = -6*o**2 - 100*o - 41. Give d(-16).
23
Let m(v) = -4*v**3 + 5*v**2 + 9*v + 6. Calculate m(-3).
132
Let g(o) = o**3 - 128*o**2 - 401*o + 1049. Determine g(131).
1
Let f(u) = 23*u**2 + 4258*u + 550. Calculate f(-185).
-5
Let q(y) = y**3 + 7*y**2 + 9*y + 39. Calculate q(-5).
44
Let n(h) = -64*h + 32. Calculate n(-1).
96
Let b(k) = 199*k + 1406. Determine b(-7).
13
Let p(y) = 5*y - 115. Determine p(23).
0
Let z(w) = -8*w**3 + 12*w**2 + 5*w - 40. Calculate z(2).
-46
Let y(o) = o**3 + 125*o**2 + 356*o - 1224. Calculate y(-122).
-4
Let r(a) = 2*a**2 + 6*a - 15. Determine r(-5).
5
Let u(w) = 53*w - 78. Give u(3).
81
Let j(g) = 130*g**2 - 1170*g + 5. Give j(9).
5
Let p(g) = -40*g + 144. What is p(2)?
64
Let z(j) = 10*j**2 + 26*j - 4. Calculate z(-4).
52
Let a(t) = t**3 + 2*t**2 - 29*t + 68. Determine a(4).
48
Let s(l) = -l**3 + 103*l**2 + 2318*l + 12. Give s(-19).
12
Let p(w) = -w**3 - 54*w**2 - 610*w - 39. What is p(-38)?
37
Let n(t) = -39*t - 2773. Give n(-71).
-4
Let c(d) = 5*d**3 + 46*d**2 + 127*d + 1672. Calculate c(-10).
2
Let c(x) = x**2 - 36*x + 188. Determine c(24).
-100
Let m(w) = -w**2 - 68*w + 1455. Determine m(17).
10
Let s(v) = -103*v + 455. Give s(5).
-60
Let m(t) = 10*t**3 + 7*t**2 + 9*t + 12. Give m(-4).
-552
Let s(c) = c**3 + 48*c**2 - 207*c + 45. What is s(-52)?
-7
Let s(v) = v**2 + 20*v - 131. Determine s(-26).
25
Let t(f) = 39*f - 232. Determine t(6).
2
Let p(i) = 4703*i - 108173. Determine p(23).
-4
Let s(d) = -10*d**2 + 302*d + 300. Determine s(-1).
-12
Let m(c) = -2*c**3 + 29*c**2 + 1172*c - 9. Determine m(-18).
-45
Let u(y) = -y**2 - 1479*y - 7399. Calculate u(-5).
-29
Let o(b) = b**3 - 28*b - 37. Determine o(-5).
-22
Let i(r) = 5*r**3 + 57*r**2 + 23*r + 25. What is i(-11)?
14
Let f(p) = 2425*p - 26686. Give f(11).
-11
Let f(y) = -582*y + 2300. What is f(4)?
-28
Let z(x) = 12*x + 193. Calculate z(-15).
13
Let k(h) = 11*h + 118. What is k(-20)?
-102
Let b(w) = -2*w**2 + 1675*w + 13535. What is b(-8)?
7
Let p(v) = -2*v**2 + 143*v + 1633. Calculate p(-10).
3
Let o(k) = k**3 - 18*k**2 - 320*k + 45. What is o(29)?
16
Let i(m) = -58*m**2 - 4121*m - 237. Calculate i(-71).
-24
Let q(y) = -2222*y - 31112. Calculate q(-14).
-4
Let v(p) = p**3 + 16*p**2 + 50*p - 40. What is v(-11)?
15
Let h(c) = -223*c + 4578. What is h(20)?
118
Let l(q) = q**3 + 3*q**2 - 2*q - 3. Calculate l(-2).
5
Let g(f) = f**3 - 13*f**2 + 3*f + 95. Give g(12).
-13
Let n(o) = o**2 - 17*o + 84. Determine n(24).
252
Let m(k) = 68*k + 35. What is m(-3)?
-169
Let g(i) = -4*i**2 - 46*i + 1750. Give g(16).
-10
Let m(z) = -2*z**3 - 42*z**2 - 30*z + 43. Determine m(-20).
-157
Let n(m) = m**3 - 33*m**2 - m - 35. What is n(33)?
-68
Let v(p) = -19*p**3 + 245*p**2 + 24*p + 18. Give v(13).
-8
Let q(y) = 32*y + 758. Determine q(-23).
22
Let r(l) = 518*l + 13495. What is r(-26)?
27
Let y(k) = -1574*k - 9454. Calculate y(-6).
-10
Let v(y) = -2*y**3 + 53*y**2 + 78*y - 1369. Determine v(27).
8
Let w(y) = -25*y - 239. Calculate w(-9).
-14
Let m(v) = -v**2 + 11*v + 72. Give m(21).
-138
Let f(h) = 2*h**3 + 2*h**2 - 75*h. Give f(-8).
-296
Let i(t) = -69*t**2 + 1999*t + 42. Calculate i(29).
-16
Let z(y) = -y**3 + 10*y**2 + 561*y + 95. Calculate z(29).
385
Let p(q) = q**3 - q**2 - 105*q + 90. Calculate p(10).
-60
Let s(l) = -l**3 + 76*l**2 + 683*l - 927. What is s(84)?
-3
Let y(i) = 511*i - 2552. Give y(5).
3
Let m(b) = -3*b**2 + 43*b - 11. What is m(11)?
99
Let f(i) = i**2 + 27*i + 25. Determine f(-15).
-155
Let t(b) = 9*b - 552. What is t(60)?
-12
Let u(b) = -4258*b + 38303. Determine u(9).
-19
Let j(k) = -73*k - 8336. What is j(-114)?
-14
Let x(p) = p**3 + 15*p**2 + 37*p + 18. Determine x(-12).
6
Let s(d) = d**2 + 34*d + 220. Calculate s(-27).
31
Let u(f) = -149*f - 10878. What is u(-73)?
-1
Let g(o) = -o**3 + 133*o**2 + 385*o + 3129. What is g(136)?
1
Let s(v) = 2*v**3 - 39*v**2 + 10*v + 26. What is s(19)?
-145
Let t(n) = -751*n - 19522. Calculate t(-26).
4
Let i(w) = w**2 + 13*w - 702. What is i(-35)?
68
Let b(n) = -2*n**3 - 10*n**2 + 8*n + 5. Determine b(-6).
29
Let s(m) = -41*m + 197. Give s(4).
33
Let q(j) = 59*j + 1339. Calculate q(-23).
-18
Let t(d) = 2*d**3 + 44*d**2 + 10*d + 242. Give t(-22).
22
Let k(z) = z**2 + 47*z + 276. Give k(-34).
-166
Let s(x) = 26*x**2 + 42*x - 160. What is s(4)?
424
Let t(z) = 94*z**2 + 2539*z + 29. What is t(-27)?
2
Let m(c) = c**3 - 8*c**2 - 16*c + 24. 